*2 + 3*j + 5. Let n(y) = 3*i(y) + x(y). Suppose -9*q - 4*h + 5 = -6*q, -2*h = 2*q. Calculate n(q).
0
Let h(r) = r**3 + r**2 + r - 1. Let l(t) = t**3 + 3*t - 3. Let o(x) = -2*h(x) + l(x). Suppose -21*s - 83*s = 208. Give o(s).
-3
Suppose 0 = -26*s + s + 12200. Let l = s - 485. Let u(f) = f**3 - 4*f**2 + 3*f + 1. What is u(l)?
1
Let h(v) be the first derivative of -v**2 + 1. Let x = -533 - -536. Suppose -21*i - 2*l + 6 = -19*i, -5*i - 17 = -x*l. Determine h(i).
2
Let d(m) = -20*m - 82*m**2 + 79*m**2 - 2*m + 30 - 12*m. Calculate d(-12).
6
Let y(r) be the third derivative of r**6/60 + r**5/20 - r**4/4 + r**3/3 - 1057*r**2. Give y(3).
65
Let d(y) = y**2 - 7*y - 7. Suppose -2*v = 2*t - 254, 12 = -4*v + v. Let x = 137 - t. What is d(x)?
-13
Let j(k) be the first derivative of 3*k + 4/3*k**3 + 0*k**2 - 1/4*k**4 - 52. Determine j(3).
12
Let y(q) be the third derivative of -4*q**5/15 - q**3/6 - q**2. Let p = -90198 + 90197. Determine y(p).
-17
Let j be 2/((-2698)/(-426) + -7*1). Let o(v) = -v + 2. Let y(z) = -z + 3. Let n(t) = -5*o(t) + 3*y(t). Give n(j).
-7
Let f(w) be the first derivative of -5*w**2/2 + 50*w + 98. Let a be f(11). Let i(s) = -s**3 - 5*s**2 - 2*s - 2. Calculate i(a).
8
Suppose 2*r = 6*h - h - 29, -23 = 2*r - 3*h. Let a(k) = -20*k - 142. What is a(r)?
-2
Let g be (-2)/(-3) - (-65)/(-60)*-4. Suppose 3*w - 13*i + 12*i - 13 = 0, 2*i = g*w - 22. Let y(u) = -u**3 + 4*u**2 + 4*u - 2. Give y(w).
14
Let j(u) be the second derivative of -25*u**3/6 - 72*u**2 + 23*u + 16. Give j(-6).
6
Let u(t) be the second derivative of -t**4/3 + 5*t**3/3 + 4*t**2 - 3396*t. Give u(-1).
-6
Let l(n) = n + 1. Let z be (-6)/(-9)*6 - 4. Let x(r) = -r**2 + 5 - 3*r + r + 5*r + z. Let a(q) = -l(q) + x(q). Give a(4).
-4
Let z(k) = -21*k**3 + k. Let t = -14 - -14. Suppose -4*w - 3 = -3*m, m - 40 = -5*w - 4*m. Suppose 3*d + w + t = 0. Calculate z(d).
20
Let t(a) be the second derivative of a**5/20 - 13*a**4/6 - 3*a**2/2 - 10713*a. What is t(26)?
-3
Let y = 14264 - 14264. Let z(n) = 3*n - 13. Let x(a) = 10*a - 38. Let w(j) = 2*x(j) - 7*z(j). Determine w(y).
15
Let j(l) be the third derivative of -l**5/30 - l**4/3 - 5*l**3/6 - 4*l**2. Suppose 0 = 156*b - 141*b + 75. Determine j(b).
-15
Let k(l) = 16*l**2 + 17*l + 9. Let o(a) = 2*a**2 + 3*a + 1. Let q(m) = k(m) - 5*o(m). Give q(2).
32
Let d(z) = -z + 3. Let s(c) = c - 2. Let k(a) = 5*d(a) + 7*s(a). Let g(b) = -b**2 + 8*b - 15. Suppose -r = -5*r + 24. Let x be g(r). Calculate k(x).
-5
Let h(d) = 59*d - 291. Suppose -115*u + 923 - 348 = 0. Determine h(u).
4
Let l(x) = -2*x**3 + 4*x**2 + 31*x - 10. Let g be (-7 - 84)/(-7) - 8. Let w be l(g). Let p(o) = -o**2 - 2*o + 6. What is p(w)?
-9
Suppose -18*b = -10*b + 120. Let i(z) = 2*z**2 + 31*z + 20. Let a be i(b). Let p(o) = -o**2 + 4*o. What is p(a)?
-5
Let j = 240 - 252. Let b(s) be the first derivative of -s**2/2 - 8*s - 116. Give b(j).
4
Let n(w) = 4*w + 46. Let k(f) = 14*f**3 + 2*f**2 + f. Let m be k(-1). Let l be n(m). Let o(h) = -h**3 - 5*h**2 + 6*h - 6. Give o(l).
-6
Let h(f) = f**3 + f**2 + 2*f. Let d(c) = 12638 + 4*c - 12767 + 7*c - c**2 + 2*c**2. Let t be d(-18). Give h(t).
-24
Let b(h) = h**3 + h**2 - h - 1. Let r be (-2 - (4 + -4))/2. Let m(c) = -c**3 - 7*c**2 - 6*c + 8. Let d(n) = r*m(n) - 2*b(n). Determine d(6).
6
Let p(y) = y**3 - 4*y**2 - 4*y - 5. Suppose -4*o + 6 = -10. Suppose 0 = -o*c + 45 + 27. Suppose c*l = 22*l - 20. Determine p(l).
0
Let o = -296 - -383. Let r = 83 - o. Let b(f) = -6*f + 4. What is b(r)?
28
Let d(u) = -2*u**2 - 44*u - 185. Let t be d(-6). Let r(b) = -9*b + 55. Calculate r(t).
-8
Let u(d) = 73*d + 7. Let z(i) = -61*i - 7. Let s(t) = -5*u(t) - 6*z(t). Determine s(5).
12
Let c(i) = -5*i - 175. Let m = 32203 - 32203. Calculate c(m).
-175
Suppose 22*m + 367 - 213 = 0. Let n(j) = -j - 29. Calculate n(m).
-22
Let i = -61 + 79. Suppose 4*n + i = 2. Let v(k) = 4*k - 4. Let p(j) = 3*j - 5. Let z(a) = -5*p(a) + 4*v(a). Give z(n).
5
Let a(l) = l**3 - 4*l**2 + 10*l - 32. Let v be 73/(-584) - 6*(-22)/32. Determine a(v).
8
Let x = -33526 + 33544. Let s(j) = -j**2 + 15*j + 58. What is s(x)?
4
Let l(i) = -9 + 5376*i - 5374*i + 55. Give l(-21).
4
Suppose 3*t + 10 = -77. Let c = t + 36. Let o(w) = 17*w + 21*w - 9 - 39*w + 21. Give o(c).
5
Let g(q) = q**2 - 3*q - 2. Let r be g(-1). Let n be (-9)/((-72)/64) - (r + 2). Let j(f) = f**2 - 2*f - 1. Calculate j(n).
7
Let n be 22/(-77) + 790/70. Let u(c) = 5*c - 54. Give u(n).
1
Let b(x) = 5*x**2 - 9*x - 4. Let m(h) = -42*h**2 + 73*h + 34. Let g(a) = -25*b(a) - 3*m(a). Suppose -d + 2*d - 3*c + 10 = 0, 24 = -4*d - 4*c. Give g(d).
5
Let q(l) = l**3 - 2*l + 3 + 0 - 4. Suppose 14 - 59 = -3*i. Suppose -4*u - 4 = 3*m + i, -2*m = -2*u - 6. Calculate q(m).
0
Let v(f) be the second derivative of -f**7/2520 - f**6/144 + f**5/120 - 67*f**4/4 - 148*f + 2. Let h(a) be the third derivative of v(a). Calculate h(4).
-35
Let d(s) = -7*s - 1. Let z(k) = 5*k**2 - 5*k + 16. Let u(o) = -o**2 - o - 1. Let j(p) = -4*u(p) - z(p). Let x be j(8). Let w be (x/3)/(4/6). Determine d(w).
13
Let v be ((-51)/(-51))/((-2)/4). Let h(y) = 7*y**2 + 12*y + 2. Let c be h(v). Let l(k) = k**3 - 6*k**2 + 5. What is l(c)?
5
Let z(y) be the first derivative of -y + 9/2*y**2 - 77. Determine z(1).
8
Let w(f) = 2 + 0 + 1 + 0 + 3*f. Let t = 15 - 8. Suppose -4*j = -t*j - 9. Give w(j).
-6
Let g(p) = -p**3 - 3*p + 1. Let n = 90 - 40. Let q = n + -48. Calculate g(q).
-13
Let q(j) = 503 - 499 + 5*j**2 - 3*j**2 + 5*j + j**3. What is q(-2)?
-6
Let q(u) = 1210*u - 2413*u + 1206*u - 30. Give q(11).
3
Suppose -180 + 145 = -5*u. Let t(x) = -2094*x + u + 2090*x + 2 + 4. Give t(6).
-11
Let y(w) = 3*w - 5. Let o = 77 - 73. Let x(j) = -j**3 + 4*j**2 + 5*j - 14. Let z be x(o). What is y(z)?
13
Suppose 74 = 978*l - 904*l. Let p(i) = -18*i + 22. Calculate p(l).
4
Let q(g) = -7*g**3 + g + 1. Let a be 511/(-4)*-2 + (-2)/(-4). Suppose 0 = a*t - 275*t - 19. Determine q(t).
7
Let i(s) = 0*s - 151 + 8*s - 197 + 394. Calculate i(-5).
6
Let p = -7 - 7. Let b(n) = -5*n - 2. Let x(g) = 32*g + 14. Let w(k) = -34*k - 15. Let i(q) = -4*w(q) - 5*x(q). Let v(t) = p*b(t) + 3*i(t). Determine v(-5).
8
Let t be (-12)/(-9)*((-20)/8 + 4). Let y be (-99)/(-24) + t/(-16). Let p(l) = -5*l + 3. Determine p(y).
-17
Suppose -4*w + 0 - 2 = -2*c, 0 = 5*c + 4*w - 47. Suppose q + 5 = -6. Let a = q + c. Let m(v) = -v**2 - 5*v + 1. Determine m(a).
5
Let s(c) = 5*c + 46. Let j(t) = 8*t + 69. Let p(o) = -5*j(o) + 7*s(o). Let x be p(-5). Let y(k) = -1 - x*k + 1 + 3*k. Give y(4).
4
Let c(g) = -g**2 + 5*g + 62. Let m be (-594)/33*(2/(-4))/((-15)/10). Determine c(m).
-4
Let n(r) = -r**2 - 8*r + 11. Suppose -y + 18 = -3*y. Let t be n(y). Suppose -5*q + 5 = -m - m, 7 = -t*m + 3*q. Let z(w) = w**3 + 4*w**2 - 6*w - 1. Give z(m).
4
Let q = -125 - -317. Suppose 9*l + q = 21*l. Suppose -5*v + 31 - l = 0. Let j(p) = p**3 - p**2 - 3*p + 3. What is j(v)?
12
Let k = 29 - 22. Let l(n) = -559 - 4*n + k*n + 561. What is l(8)?
26
Let b = -8 - -5. Let t(a) = -3*a**2 - 228 - 4*a + 228. Give t(b).
-15
Let a(p) = p**3 - 7*p**2 + 8*p + 15. Suppose -9*u + 7*u - 6*b = 34, -5*u = -3*b - 41. Give a(u).
-1
Let q(w) = -4*w + 3. Suppose -28 = 427*v - 423*v. Let o be (v - (-8 - 4))*1. Give q(o).
-17
Let v(c) = c**2 - 3*c + 3. Let t be v(1). Let x(b) = 3 + 0*b - 4*b + t + 0. Let i be x(1). Let l(r) = r + 8. Calculate l(i).
8
Let x be 25/(2000/(-512)) + 18 + 4/10. Let u(p) = p**3 - 11*p**2 - 14*p - 5. Determine u(x).
-29
Let t(j) = -57*j**3 - j**2 + 10*j + 5. Let c(b) = 57*b**3 + b**2 - 8*b - 4. Let z(n) = -5*c(n) - 4*t(n). Calculate z(-1).
56
Let g(u) = -u**2 - u. Let f(i) be the second derivative of 0 + 2*i**2 + 2*i**3 + 1/2*i**4 - 43*i. Let n(j) = f(j) + 5*g(j). Determine n(-7).
4
Let y(d) be the third derivative of -d**5/20 + 11*d**4/12 + 71*d**3/6 - 140*d**2 + 4*d + 1. Determine y(-3).
-22
Let b(z) = -z**3 - 2*z**2 - 2*z - 4. Suppose -13*i + y - 11 = -10*i, 4*y = -i + 18. Give b(i).
0
Let i(u) = -15*u - 1454. Let n be i(-97). Let s(t) = -12*t**2 - t. Give s(n).
-13
Let x(y) = 108*y + 1. Let z(u) = 537*u - 20. Let d(a) = -5*x(a) + z(a). Determine d(-10).
5
Let g(w) = w**2 - 4*w + 12. Let o(a) = 2*a**3 + 109*a**2 + 50*a - 211. Let i be o(-54). Calculate g(i).
17
Let g(r) = r**2 - 16*r + 35. Let t(k) = 5*k**2 + 67*k - 200. Let n be t(-16). Deter